 -5*n - 10. List the prime factors of v.
7, 17
Let a(p) = -2*p + 10. Let o be a(7). List the prime factors of (-3)/o - (-680)/32.
2, 11
Suppose 5*d - 130 = -2*g - 0*g, 3*g = 15. Suppose k = 3*k + d. What are the prime factors of (42/4)/(k/(-16))?
2, 7
Let y(p) = 7*p + 5. What are the prime factors of y(3)?
2, 13
Let q = 14 + -11. What are the prime factors of q?
3
Let u(i) = 4*i**2 - 2*i**2 + 0 + 4. Let d be u(-4). Suppose 2*w + d = 6*w. What are the prime factors of w?
3
Let x = -4 + 30. What are the prime factors of x?
2, 13
Suppose 5*z + 1 = 21. List the prime factors of 0 + (-2)/(z/(-14)).
7
Let n(w) = -3*w**3 + 8*w**2 + 9*w + 6. Let h(z) = -2*z**3 + 4*z**2 + 5*z + 3. Suppose -y - 9 = 2*y. Let l(m) = y*n(m) + 5*h(m). List the prime factors of l(-4).
5
Let n = -1 + 103. What are the prime factors of n?
2, 3, 17
List the prime factors of (4/3)/((-8)/(-204)).
2, 17
Let v = -8 + 11. Suppose -3*c - 3 = 3*j, -3 = 4*j + v*c + 3. Let o = 10 + j. List the prime factors of o.
7
Suppose 3*o = -2*i - 107, -i - i + 25 = -o. Let l = o - -58. Suppose 3*k = 2*b + 30, -82 = -4*k - 3*b - l. What are the prime factors of k?
2, 3
Suppose 4 - 10 = -2*m. Suppose -93 = -m*l + 27. List the prime factors of l/(-12)*6/(-2).
2, 5
Suppose 0 = -o + 51 - 22. List the prime factors of o.
29
Let y(x) = x**2 + x + 5. Let o be y(0). Suppose -52 = -q - 5*u - 23, -o*q + 5*u = -25. What are the prime factors of (-2 - (-21)/9)*q?
3
Let x = -5 + 9. Suppose -6 = -2*u - 2. Suppose -12 = -x*p, 0 = -0*m + 5*m + u*p - 41. What are the prime factors of m?
7
Suppose -2*w = 4*o - 76, 0*o - 178 = -5*w + 2*o. Let t be 5/(-2)*w/(-30). Suppose t*j - 4*z = 29, -2*j - j + 2*z = -19. What are the prime factors of j?
3
Let n = -8 - -5. Let l(u) = 3*u**2 + u. List the prime factors of l(n).
2, 3
Let h = -8 + 12. Suppose 0*g = -3*x - g + 18, 5*x + h*g = 37. Let u = x + -1. List the prime factors of u.
2
Let d(l) = 3*l + 8. Let y be d(-4). List the prime factors of 12/y - 1*-25.
2, 11
Let a = 52 + 1. What are the prime factors of a?
53
Suppose 147 = -0*n + 3*n. List the prime factors of n.
7
Let t = 137 - 75. List the prime factors of t.
2, 31
Let c(z) be the third derivative of z**5/60 + z**4/24 + z**3/3 + 2*z**2. Let f be c(0). Suppose f*k - 8 = -0*k. List the prime factors of k.
2
Let n = 65 + -18. What are the prime factors of n?
47
Let r(s) = -3*s**2 + 5. Let p be r(2). Let c = p - -22. What are the prime factors of c?
3, 5
Let w be -2 + -1 + 0 - -26. Let f = 18 + w. List the prime factors of f.
41
Suppose 3*b - 29 = -5*z, -2 + 14 = 2*b - 4*z. Suppose a - 2 - b = 2*r, -a + 22 = 4*r. List the prime factors of a.
2, 7
Suppose 2*m - 5 - 31 = 0. List the prime factors of m.
2, 3
Suppose 0 = 14*u - 19*u + 55. What are the prime factors of u?
11
Suppose 4*o = -19 - 41. Let b = -12 + o. What are the prime factors of ((-3)/(-3))/((-3)/b)?
3
Let l be (-1)/(-4) + 46/8. Let d(r) = -r**2 + 7*r. Let q be d(l). What are the prime factors of 8/(-4*(-1)/q)?
2, 3
Let g = -15 - 29. Let z be -26 + (-1)/((-1)/(-1 + -2)). Let w = z - g. List the prime factors of w.
3, 5
Suppose -689 + 1883 = 3*b. List the prime factors of b.
2, 199
Let h(g) = -g**3 - 9*g**2 - 9*g - 2. Let m(u) = u + 1. Let w be m(-3). Let v be w/(-1*(-3)/12). What are the prime factors of h(v)?
2, 3
Let z(m) = -4*m + 10. Let d = 1 - 9. Let l be z(d). Let x = l - 27. What are the prime factors of x?
3, 5
Let t = 135 - 23. What are the prime factors of t?
2, 7
Suppose 0 = -4*w + w + c + 84, 0 = -2*w + 3*c + 63. Let m = -3 + 8. Suppose 0 = 5*i + t - 39, m*t - w - 8 = -5*i. List the prime factors of i.
2
Let r = 20 + -12. Let t = r + 7. List the prime factors of t.
3, 5
Let o = 15 + -15. Suppose o = -3*s - 2*s + 20. What are the prime factors of s?
2
Suppose -h - 10 = -4*a - 0, -2*h + 4*a - 8 = 0. What are the prime factors of h/4 + 388/8?
7
Suppose -734 + 272 = -14*f. What are the prime factors of f?
3, 11
Let v be (1 - -1)/((-8)/(-76)). Let j = v - 12. What are the prime factors of j?
7
List the prime factors of ((-3171)/(-84))/(-2*(-1)/8).
151
Suppose -3*f + 520 = 5*v - 0*f, -5*v - 2*f + 525 = 0. List the prime factors of v.
107
Suppose 0 = -3*k + u + 27, 2*k - 17 = k + 3*u. Suppose 5 + k = v + b, 0 = 3*v - 4*b - 53. What are the prime factors of v?
3, 5
Suppose 0 = -5*v + 80 - 5. Suppose 2*w + 0*x - 4*x - 22 = 0, 0 = -x - 1. Let z = v - w. What are the prime factors of z?
2, 3
Suppose 2*g + 8 = 6*g. Suppose -5*k + 13 = 3*t, 3*k = t - g*t + 7. Suppose -5*c = 5*p - 45, 3*c + k*p - p - 29 = 0. What are the prime factors of c?
2, 5
Let w(p) = -p**3 + p**2 + p + 16. Let s be w(0). Let m = s - 8. What are the prime factors of m?
2
Let z(r) be the second derivative of r**4/4 - r**3/2 - r. Suppose 4*s - 15 = -7. What are the prime factors of z(s)?
2, 3
Let m(w) = -w + 2. Let y(a) = -a**2 + 2*a - 2. Let p be y(2). Let t be (-2)/1 + p/2. What are the prime factors of m(t)?
5
Suppose 0 = -0*g + 2*g - 34. Let x = g + -4. List the prime factors of x.
13
Let t be 9/(-12)*2*-2. Let j = 6 - 4. Suppose 5*g + 24 = t*p, j*p + 8 - 24 = 4*g. What are the prime factors of p?
2
What are the prime factors of (-12)/(-1)*18/8?
3
Let l be 7/21*(-1 + -26). List the prime factors of 6/l*(-37 - 2).
2, 13
Let j(g) = -g**3 + 8*g**2 + 2*g - 8. Let c = 6 + -2. Suppose 4*r = -c*k - 0*k + 36, -5*k + 5 = 0. What are the prime factors of j(r)?
2
Suppose 3*d + 3*n - 387 = 4*n, -5*n = -d + 115. List the prime factors of d.
2, 5, 13
Let v = 63 + 23. List the prime factors of v.
2, 43
What are the prime factors of 3 + (-10)/3 - (-397)/3?
2, 3, 11
Let k(x) = 2*x**3 + x**2 + x - 2. Let j be k(3). Suppose o - 1 = 5*y + 63, 0 = 4*y - 4*o + j. List the prime factors of 2 + 0 - (y - -2).
2, 3
Let n = 14 + -9. Suppose -20 = n*g, -7 = -0*s - s - 4*g. List the prime factors of s.
23
Let c be (-2)/(2/33) - 1. Let n = 59 + c. List the prime factors of n.
5
Let w be 2/6 + (-94)/(-6). Let b = w - 4. List the prime factors of b.
2, 3
Let s(r) = -1 + 4 + 3*r**2 - 6*r + 0 + r. List the prime factors of s(3).
3, 5
Let i = -10 - -17. Let b = i - 4. Suppose 0 = -b*r + 4*q + 21 + 3, 0 = 4*r - 4*q - 32. List the prime factors of r.
2
Let p(r) = r**3 - 8*r**2 - 4*r - 24. List the prime factors of p(9).
3, 7
What are the prime factors of (-32)/(-144) - (-1528)/9?
2, 5, 17
Let w = -59 + 38. What are the prime factors of 6/(-4)*476/w?
2, 17
List the prime factors of -1 + 8/4 - (-142 - 0).
11, 13
Suppose -n + 5*s + 278 = 6*s, -1130 = -4*n + 2*s. List the prime factors of n.
281
Suppose 20 = 4*x, -x = 3*l + 2*l - 35. Suppose -t - t = 66. What are the prime factors of l/t - 57/(-11)?
5
Suppose 4*u = -2*j + 6, 0 = 5*j - 0*u + 3*u - 29. Let y = -4 + j. What are the prime factors of y?
3
Let k be 112 + (-3)/3*0. Suppose 2*l = -2*z + k, -3*z + 228 = 4*l - 0*z. List the prime factors of l.
2, 3, 5
Let u = -7 - -16. Let y be -2*((-54)/4)/9. Suppose u = y*h - 36. List the prime factors of h.
3, 5
Let u(x) = -3*x**2 - x - 1. Let o(c) = -2*c**2 - 2. Let j(g) = 4*o(g) - 3*u(g). What are the prime factors of j(-6)?
13
Let q be (-12)/(-8)*(-30)/(-9). List the prime factors of ((-108)/(-30))/(1/q).
2, 3
Suppose 5*a + 0*f = -4*f + 305, a - 61 = -4*f. List the prime factors of a.
61
Let s(j) = j**3 - 3*j**2 - 6*j + 1. What are the prime factors of s(5)?
3, 7
Suppose -3*g - 3 + 12 = 0. What are the prime factors of 2 + (2*12 - g)?
23
Let v(n) = -n + 3. Let d be v(6). Let s be (2 - 14/6)*d. What are the prime factors of (-2)/(-2) - s/(-1)?
2
Suppose -4*z = -9*z + 90. List the prime factors of z.
2, 3
Suppose 2*o + 112 = 4*q - 0*o, -4*q + 4*o + 112 = 0. What are the prime factors of q?
2, 7
Let q(b) be the first derivative of b**2 - 15*b - 2. Let g be q(10). Suppose -4*n = -g*c + 87, -2*n = -c + 9 + 12. List the prime factors of c.
3, 5
List the prime factors of 3/(5*(-6)/(-1670)).
167
Suppose -5*l + 2*l + 858 = 0. What are the prime factors of l?
2, 11, 13
Let r(p) = -2*p + 1. Let f be r(4). Let v = 15 + f. List the prime factors of v.
2
Let l(h) = -h**3 - h**2 + h + 2. Let n be l(-1). Let q = 12 + -7. What are the prime factors of q - -1 - (1 - n)?
2, 3
Let n(k) = k**3 - 7*k**2 + 5*k + 3. What are the prime factors of n(7)?
2, 19
Let a be (-159)/(-7) - (-4)/14. Let y = -10 + a. List the prime factors of y.
13
Let y(k) = -6*k